{"id":1071,"date":"2015-12-14T07:14:55","date_gmt":"2015-12-14T07:14:55","guid":{"rendered":"http:\/\/consulting.stylemixthemes.com\/demo\/?page_id=2"},"modified":"2024-07-19T14:05:03","modified_gmt":"2024-07-19T19:05:03","slug":"sample-page-2","status":"publish","type":"page","link":"https:\/\/www.ciodemexico.com\/site\/","title":{"rendered":"Home"},"content":{"rendered":"<p>[vc_row][vc_column][rev_slider_vc alias=&#8221;Home&#8221;][\/vc_column][\/vc_row][vc_row full_width=&#8221;stretch_row&#8221; css=&#8221;.vc_custom_1555483435413{background-color: rgba(0,46,91,0.75) !important;*background-color: rgb(0,46,91) !important;}&#8221;][vc_column][stm_spacing lg_spacing=&#8221;40&#8243; md_spacing=&#8221;40&#8243; sm_spacing=&#8221;30&#8243; xs_spacing=&#8221;30&#8243;][vc_row_inner][vc_column_inner offset=&#8221;vc_col-lg-4 vc_col-md-4&#8243;][vc_custom_heading stripe_pos=&#8221;hide&#8221; stm_title_font_weight=&#8221;500&#8243; text=&#8221;\u00bfM\u00e1s Informaci\u00f3n?&#8221; font_container=&#8221;tag:h2|text_align:left|color:%23ffffff&#8221; use_theme_fonts=&#8221;yes&#8221; subtitle_color=&#8221;#ffffff&#8221;][\/vc_column_inner][vc_column_inner el_class=&#8221;wpcf7-response-output-absolute&#8221; offset=&#8221;vc_col-lg-8 vc_col-md-8&#8243;]\n<div class=\"wpcf7 no-js\" id=\"wpcf7-f1272-o1\" lang=\"en-US\" dir=\"ltr\" data-wpcf7-id=\"1272\">\n<div class=\"screen-reader-response\"><p role=\"status\" aria-live=\"polite\" aria-atomic=\"true\"><\/p> <ul><\/ul><\/div>\n<form action=\"\/site\/wp-json\/wp\/v2\/pages\/1071#wpcf7-f1272-o1\" method=\"post\" class=\"wpcf7-form init\" aria-label=\"Contact form\" novalidate=\"novalidate\" data-status=\"init\">\n<fieldset class=\"hidden-fields-container\"><input type=\"hidden\" name=\"_wpcf7\" value=\"1272\" \/><input type=\"hidden\" name=\"_wpcf7_version\" value=\"6.1.5\" \/><input type=\"hidden\" name=\"_wpcf7_locale\" value=\"en_US\" \/><input type=\"hidden\" name=\"_wpcf7_unit_tag\" value=\"wpcf7-f1272-o1\" \/><input type=\"hidden\" name=\"_wpcf7_container_post\" value=\"0\" \/><input type=\"hidden\" name=\"_wpcf7_posted_data_hash\" value=\"\" \/><input type=\"hidden\" name=\"_wpcf7_recaptcha_response\" value=\"\" \/>\n<\/fieldset>\n<div class=\"request_callback_5\">\n\t<div class=\"my_flex_\">\n\t\t<div class=\"my_flex_in\">\n\t\t\t<div class=\"input-group my_input_pdl\">\n\t\t\t\t<p><span class=\"stm-amsterdam-profile my_pos_abs_fa\"><\/span><span class=\"wpcf7-form-control-wrap\" data-name=\"text-name\"><input size=\"40\" maxlength=\"400\" class=\"wpcf7-form-control wpcf7-text wpcf7-validates-as-required\" aria-required=\"true\" aria-invalid=\"false\" placeholder=\"Nombre\" value=\"\" type=\"text\" name=\"text-name\" \/><\/span>\n\t\t\t\t<\/p>\n\t\t\t<\/div>\n\t\t<\/div>\n\t\t<div class=\"my_flex_in\">\n\t\t\t<div class=\"input-group my_input_pdl\">\n\t\t\t\t<p><span class=\"stm-denver-envelope my_pos_abs_fa\"><\/span><span class=\"wpcf7-form-control-wrap\" data-name=\"text-email\"><input size=\"40\" maxlength=\"400\" class=\"wpcf7-form-control wpcf7-email wpcf7-validates-as-required wpcf7-text wpcf7-validates-as-email\" aria-required=\"true\" aria-invalid=\"false\" placeholder=\"E-mail\" value=\"\" type=\"email\" name=\"text-email\" \/><\/span>\n\t\t\t\t<\/p>\n\t\t\t<\/div>\n\t\t<\/div>\n\t\t<div class=\"my_flex_in\">\n\t\t\t<div class=\"input-group my_input_mg\">\n\t\t\t\t<p><button type=\"submit\" class=\"button theme_style_2 size-lg\" style=\"color: white; border-radius:0;\" >Enviar<\/button>\n\t\t\t\t<\/p>\n\t\t\t<\/div>\n\t\t<\/div>\n\t<\/div>\n<\/div><div class=\"wpcf7-response-output\" aria-hidden=\"true\"><\/div>\n<\/form>\n<\/div>\n[\/vc_column_inner][\/vc_row_inner][stm_spacing lg_spacing=&#8221;20&#8243; md_spacing=&#8221;20&#8243; sm_spacing=&#8221;40&#8243; xs_spacing=&#8221;40&#8243;][\/vc_column][\/vc_row][vc_row css=&#8221;.vc_custom_1547623783077{background-color: #ffffff !important;}&#8221;][vc_column][stm_spacing lg_spacing=&#8221;100&#8243; md_spacing=&#8221;100&#8243; sm_spacing=&#8221;65&#8243; xs_spacing=&#8221;65&#8243;][vc_custom_heading text=&#8221;Servicios&#8221; font_container=&#8221;tag:h2|text_align:center&#8221; use_theme_fonts=&#8221;yes&#8221;][stm_spacing lg_spacing=&#8221;30&#8243; md_spacing=&#8221;30&#8243; sm_spacing=&#8221;18&#8243; xs_spacing=&#8221;12&#8243;][stm_animation_block animation=&#8221;fadeIn&#8221; animation_duration=&#8221;2&#8243; animation_delay=&#8221;0&#8243;][stm_services posts_per_page=&#8221;9&#8243; posts_per_row=&#8221;3&#8243; category=&#8221;manual-de-organizacion&#8221; img_size=&#8221;740&#215;440&#8243; style=&#8221;style_6&#8243; service_more=&#8221;yes&#8221;][\/stm_animation_block][stm_spacing lg_spacing=&#8221;69&#8243; md_spacing=&#8221;69&#8243; sm_spacing=&#8221;60&#8243; xs_spacing=&#8221;60&#8243;][\/vc_column][\/vc_row][vc_row full_width=&#8221;stretch_row&#8221; parallax=&#8221;content-moving&#8221; parallax_image=&#8221;7080&#8243; css=&#8221;.vc_custom_1656380906827{background-image: url(https:\/\/www.riodemexico.com\/site\/wp-content\/uploads\/2016\/06\/placeholder-1.gif?id=5135) !important;background-position: center;background-repeat: no-repeat;background-size:cover;}&#8221; el_class=&#8221;overlay_4 fixed_bg&#8221;][vc_column parallax=&#8221;content-moving-fade&#8221; parallax_image=&#8221;7087&#8243;][stm_spacing lg_spacing=&#8221;75&#8243; md_spacing=&#8221;75&#8243; sm_spacing=&#8221;60&#8243; xs_spacing=&#8221;60&#8243;][vc_custom_heading stripe_pos=&#8221;hide&#8221; text=&#8221;\u00bfPARA QU\u00c9 SUPERVISAR U ORDENAR<br \/>\nA LAS PERSONAS DE UN GRUPO,<br \/>\nSI LO PUEDEN REALIZAR POR PROPIA VOLUNTAD?&#8221; font_container=&#8221;tag:h2|text_align:center|color:%23ffffff|line_height:64px&#8221; use_theme_fonts=&#8221;yes&#8221; subtitle=&#8221;La necesidad de ordenar o supervisar es indicador de un deficiente Manual de organizaci\u00f3n&#8221; stripe_hide=&#8221;yes&#8221; subtitle_color=&#8221;#ffffff&#8221;][stm_spacing lg_spacing=&#8221;67&#8243; md_spacing=&#8221;67&#8243; sm_spacing=&#8221;60&#8243; xs_spacing=&#8221;60&#8243;][\/vc_column][\/vc_row][vc_row css=&#8221;.vc_custom_1549356784354{margin-top: -5px !important;}&#8221;][vc_column css_animation=&#8221;none&#8221; width=&#8221;1\/2&#8243;][stm_spacing lg_spacing=&#8221;71&#8243; md_spacing=&#8221;71&#8243; sm_spacing=&#8221;60&#8243; xs_spacing=&#8221;60&#8243;][vc_custom_heading stripe_pos=&#8221;hide&#8221; text=&#8221;Que Hacemos&#8221; font_container=&#8221;tag:h4|text_align:left&#8221; use_theme_fonts=&#8221;yes&#8221; el_class=&#8221;third_font_color&#8221; css=&#8221;.vc_custom_1655944212098{margin-bottom: 35px !important;}&#8221;][vc_column_text css=&#8221;.vc_custom_1656290283409{margin-bottom: 28px !important;}&#8221;]A trav\u00e9s de la aplicaci\u00f3n de modelos y t\u00e9cnicas derivadas de \u201ccibern\u00e9tica social\u201d, garantizamos, a trav\u00e9s de la modificaci\u00f3n y control de los ambientes laborales (tambi\u00e9n denominados organizacionales), la emisi\u00f3n natural del comportamiento grupal que requieren las empresas para lograr sus objetivos y metas.[\/vc_column_text][vc_column_text]<span style=\"color: #777777;\">Ponemos a su servicio, un equipo de profesionales con una vasta experiencia en conjunto para lograr una alta eficiencia en su empresa, optimizando los recursos humanos para un mejor aprovechamiento de los mismos, y\u00a0 lograr el mejor desempe\u00f1o.<\/span>[\/vc_column_text][\/vc_column][vc_column width=&#8221;1\/2&#8243;][stm_spacing lg_spacing=&#8221;71&#8243; md_spacing=&#8221;71&#8243; sm_spacing=&#8221;50&#8243; xs_spacing=&#8221;50&#8243;][vc_custom_heading stripe_pos=&#8221;hide&#8221; text=&#8221;Preguntas Frecuentes&#8221; font_container=&#8221;tag:h4|text_align:left&#8221; use_theme_fonts=&#8221;yes&#8221; css_animation=&#8221;fadeInUp&#8221; el_class=&#8221;third_font_color&#8221; css=&#8221;.vc_custom_1655944310857{margin-bottom: 35px !important;}&#8221;][vc_tta_accordion style=&#8221;modern&#8221; shape=&#8221;square&#8221; color=&#8221;mulled-wine&#8221; active_section=&#8221;1&#8243; css_animation=&#8221;none&#8221; no_fill=&#8221;true&#8221;][vc_tta_section title=&#8221;\u00bfQu\u00e9 es, en pocas palabras, la Red de inteligencia organizacional?&#8221; tab_id=&#8221;1461328856794-2dee9bba-e774&#8243;][vc_column_text]La Red de inteligencia organizacional (RIO) representa un modelo de comportamiento social en ambientes laborales que desde un enfoque sist\u00e9mico, detalla la forma de identificar, disponer y operar los factores y elementos de una organizaci\u00f3n para obtener de manera natural, los comportamientos necesarios para lograr en tiempo y forma los objetivos y metas de la empresa.[\/vc_column_text][\/vc_tta_section][vc_tta_section title=&#8221;\u00bfEst\u00e1 probado el modelo y las t\u00e9cnicas de la RIO?&#8221; tab_id=&#8221;1461328897545-6227748f-d226&#8243;][vc_column_text]Cada una de las partes del modelo RIO han sido desarrollada exitosamente durante m\u00e1s de 15 a\u00f1os en empresas privadas e instituciones p\u00fablicas. Gracias a la visi\u00f3n innovadora de empresarios en Guanajuato, en la actualidad el modelo fue desarrollado y probado de manera integral demostrando su eficacia y versatilidad, para responder a las particulares necesidades de estructura y de cambio que requieren las empresas.[\/vc_column_text][\/vc_tta_section][vc_tta_section title=&#8221;\u00bfC\u00f3mo se aplica o desarrolla el modelo RIO en las empresas?&#8221; tab_id=&#8221;1461328919259-f69cd27c-5029&#8243;][vc_column_text]Una vez detectada la necesidad de la empresa en t\u00e9rminos de obtenci\u00f3n de comportamientos organizacionales y la viabilidad de obtenerlos, se determinan las etapas a realizar del modelo junto con los programas de trabajo, entregables e indicadores de avance o resultado. Con esto \u00faltimo, se procede a la formaci\u00f3n del personal en el modelo RIO y muy importancia, la capacitaci\u00f3n asistida por parte de personal especializado, para garantizar el desarrollo de los comportamientos esperados por las personas durante su integraci\u00f3n a la Red de inteligencia organizacional.[\/vc_column_text][\/vc_tta_section][vc_tta_section title=&#8221;\u00bfCu\u00e1les son las etapas principales del modelo RIO?&#8221; tab_id=&#8221;1656291177686-4ad18de5-0ee8&#8243;][vc_column_text]De manera general, las podemos citar como a continuaci\u00f3n se indica; 1) Unificaci\u00f3n a trav\u00e9s de conceptos rectores, 2) Formalizaci\u00f3n del sistema de trabajo a trav\u00e9s del Manual de organizaci\u00f3n, 3) Integraci\u00f3n a trav\u00e9s de planes y programas de trabajo intercomunicados con el concepto de \u201cservicio interno\u201d 4) Inducci\u00f3n, pertenencia y disciplina del personal. 5) Control y retroalimentaci\u00f3n de los equipos de trabajo.[\/vc_column_text][\/vc_tta_section][vc_tta_section title=&#8221;\u00bfCu\u00e1nto tiempo tiene que pasar para ver resultados?&#8221; tab_id=&#8221;1656291182284-c80068d0-4e09&#8243;][vc_column_text]La formalizaci\u00f3n del sistema junto con el primer cambio actitudinal del personal, se tiene a partir del primer mes. Los efectos en la eficacia, eficiencia y productividad de los equipos de trabajo, a partir del cierre del segundo mes.[\/vc_column_text][\/vc_tta_section][vc_tta_section title=&#8221;\u00bfEs caro integrar a mi personal como Red de inteligencia organizacional?&#8221; tab_id=&#8221;1656291216780-6e46bbb0-fcb2&#8243;][vc_column_text]Siempre el costo de las etapas de conformaci\u00f3n e integraci\u00f3n del personal como RIO, est\u00e1 en funci\u00f3n de su contribuci\u00f3n a la utilidad o rentabilidad de la empresa. Es parte de nuestros valores, el solo permitirnos cobrar cuando contribuimos a las ganancias o utilidades de la organizaci\u00f3n.[\/vc_column_text][\/vc_tta_section][\/vc_tta_accordion][stm_spacing lg_spacing=&#8221;77&#8243; md_spacing=&#8221;77&#8243; sm_spacing=&#8221;40&#8243; xs_spacing=&#8221;40&#8243;][\/vc_column][\/vc_row][vc_row full_width=&#8221;stretch_row_content_no_spaces&#8221; parallax=&#8221;content-moving&#8221;][vc_column css=&#8221;.vc_custom_1721415167637{background: #c1c1c1 url(https:\/\/www.ciodemexico.com\/site\/wp-content\/uploads\/2022\/06\/slider4.jpg?id=7102) !important;}&#8221;][stm_testimonials count=&#8221;3&#8243; style=&#8221;style_3&#8243; category=&#8221;background&#8221; navigation_type=&#8221;bullets&#8221; autoplay=&#8221;yes&#8221; loop=&#8221;yes&#8221; smart_speed=&#8221;300&#8243; css=&#8221;.vc_custom_1656381540555{background-image: url(https:\/\/www.riodemexico.com\/site\/wp-content\/uploads\/2022\/06\/fotolia_47997193_l.jpg?id=7096) !important;}&#8221;][\/vc_column][\/vc_row][vc_row full_width=&#8221;stretch_row&#8221; css=&#8221;.vc_custom_1553425532674{background-color: #f2f2f2 !important;}&#8221;][vc_column][stm_spacing lg_spacing=&#8221;80&#8243; md_spacing=&#8221;80&#8243; sm_spacing=&#8221;66&#8243; xs_spacing=&#8221;66&#8243;][vc_custom_heading text=&#8221;\u00daltimos Art\u00edculos&#8221; font_container=&#8221;tag:h2|text_align:center&#8221; use_theme_fonts=&#8221;yes&#8221; css=&#8221;.vc_custom_1655944479644{margin-bottom: 49px !important;}&#8221;][stm_news posts_per_row=&#8221;4&#8243;][stm_spacing lg_spacing=&#8221;67&#8243; md_spacing=&#8221;67&#8243; sm_spacing=&#8221;60&#8243; xs_spacing=&#8221;88&#8243;][\/vc_column][\/vc_row][vc_row full_width=&#8221;stretch_row&#8221; equal_height=&#8221;yes&#8221; css=&#8221;.vc_custom_1721415452279{background-color: #ffffff !important;}&#8221;][vc_column width=&#8221;1\/2&#8243; css=&#8221;.vc_custom_1553422640194{padding-right: 15px !important;}&#8221;][stm_spacing lg_spacing=&#8221;85&#8243; md_spacing=&#8221;85&#8243; sm_spacing=&#8221;60&#8243; xs_spacing=&#8221;60&#8243;][vc_custom_heading stripe_pos=&#8221;hide&#8221; text=&#8221;Programa de Formaci\u00f3n<br \/>\na su servicio&#8221; font_container=&#8221;tag:h2|text_align:left|line_height:48px&#8221; use_theme_fonts=&#8221;yes&#8221;][stm_spacing lg_spacing=&#8221;6&#8243; md_spacing=&#8221;6&#8243; sm_spacing=&#8221;6&#8243; xs_spacing=&#8221;6&#8243;][vc_column_text css_animation=&#8221;fadeInLeft&#8221; css=&#8221;.vc_custom_1656382262408{padding-right: 20px !important;padding-left: 0px !important;}&#8221;]Somos un programa de formaci\u00f3n dirigido a habilitar personas, grupos y empresas, en la constituci\u00f3n de Unidades Cibern\u00e9ticas de comportamiento (UCIs) capaces de actuar como Redes de interacci\u00f3n organizacional altamente eficientes. Como programa de formaci\u00f3n, integra:[\/vc_column_text][stm_spacing lg_spacing=&#8221;20&#8243; md_spacing=&#8221;20&#8243; sm_spacing=&#8221;20&#8243; xs_spacing=&#8221;20&#8243;][vc_column_text css_animation=&#8221;fadeInRight&#8221;]<\/p>\n<ul>\n<li>Capacitaci\u00f3n conceptual a trav\u00e9s de 12 m\u00f3dulos<\/li>\n<li>Objetivos a cumplir para asimilar el modelo en la pr\u00e1ctica<\/li>\n<li>Capacitaci\u00f3n presencial de un mentor para garantizar el cumplimiento de objetivos<\/li>\n<li>Supervisi\u00f3n especializada de un coordinador sobre la integraci\u00f3n exitosa de cada UCI<\/li>\n<li>Certificaci\u00f3n de avance a trav\u00e9s de indicadores<\/li>\n<\/ul>\n<p>[\/vc_column_text][stm_spacing lg_spacing=&#8221;40&#8243; md_spacing=&#8221;40&#8243; sm_spacing=&#8221;40&#8243; xs_spacing=&#8221;40&#8243;][vc_btn title=&#8221;Cont\u00e1ctenos&#8221; style=&#8221;flat&#8221; shape=&#8221;square&#8221; color=&#8221;theme_style_3&#8243; size=&#8221;lg&#8221; link=&#8221;url:%2Fsite%2Fcontact-two%2F&#8221;][stm_spacing lg_spacing=&#8221;80&#8243; md_spacing=&#8221;80&#8243; sm_spacing=&#8221;70&#8243; xs_spacing=&#8221;70&#8243;][\/vc_column][vc_column stretch=&#8221;right&#8221; parallax=&#8221;content-moving&#8221; parallax_image=&#8221;7087&#8243; width=&#8221;1\/2&#8243; css=&#8221;.vc_custom_1656381401834{background-image: url(https:\/\/www.riodemexico.com\/site\/wp-content\/uploads\/2022\/06\/alineacion.jpg?id=7087) !important;background-position: center !important;background-repeat: no-repeat !important;background-size: cover !important;}&#8221; offset=&#8221;vc_hidden-sm vc_hidden-xs&#8221;][vc_single_image image=&#8221;7418&#8243; img_size=&#8221;full&#8221;][\/vc_column][\/vc_row][vc_row full_width=&#8221;stretch_row&#8221; css=&#8221;.vc_custom_1553425438434{padding-top: 42px !important;padding-bottom: 39px !important;background-color: #f2f2f2 !important;}&#8221;][vc_column][stm_image_carousel grayscale=&#8221;yes&#8221; h_centered=&#8221;yes&#8221; img_size=&#8221;180&#215;180&#8243; items_mobile=&#8221;2&#8243; images=&#8221;7192&#8243; custom_links=&#8221;#E-8_aHR0cHMlM0ElMkYlMkZ3d3cucmlvZGVtZXhpY28uY29tJTJGc2l0ZSUyRmNvbnRhY3QtdHdvJTJG&#8221;][\/vc_column][\/vc_row][vc_row full_width=&#8221;stretch_row&#8221; el_class=&#8221;overlay_4&#8243; css=&#8221;.vc_custom_1721415337370{margin-bottom: -1px !important;background-image: url(https:\/\/www.ciodemexico.com\/site\/wp-content\/uploads\/2019\/12\/132631-1024&#215;576-1.jpg?id=7118) !important;background-position: center !important;background-repeat: no-repeat !important;background-size: cover !important;}&#8221;][vc_column][stm_spacing lg_spacing=&#8221;78&#8243; md_spacing=&#8221;78&#8243; sm_spacing=&#8221;65&#8243; xs_spacing=&#8221;65&#8243;][vc_row_inner][vc_column_inner offset=&#8221;vc_col-lg-5 vc_col-md-5&#8243;][vc_custom_heading stripe_pos=&#8221;hide&#8221; text=&#8221;<mark>SOLICITAR<\/mark> M\u00c1S INFORMACI\u00d3N.&#8221; font_container=&#8221;tag:h3|font_size:30px|text_align:left|color:%23ffffff&#8221; use_theme_fonts=&#8221;yes&#8221; css=&#8221;.vc_custom_1655946301146{margin-bottom: -6px !important;}&#8221;][vc_column_text]<span style=\"color: #fff;\">\u00bfLe gustar\u00eda hablar con uno de nuestros asesores por tel\u00e9fono? Simplemente env\u00ede sus datos y nos pondremos en contacto en breve. Tambi\u00e9n puede enviarnos un correo electr\u00f3nico si lo prefiere.<\/span>[\/vc_column_text][\/vc_column_inner][vc_column_inner offset=&#8221;vc_col-lg-7 vc_col-md-7&#8243;][stm_spacing lg_spacing=&#8221;7px&#8221; md_spacing=&#8221;7px&#8221; sm_spacing=&#8221;7px&#8221; xs_spacing=&#8221;30px&#8221;]\n<div class=\"wpcf7 no-js\" id=\"wpcf7-f5354-o2\" lang=\"en-US\" dir=\"ltr\" data-wpcf7-id=\"5354\">\n<div class=\"screen-reader-response\"><p role=\"status\" aria-live=\"polite\" aria-atomic=\"true\"><\/p> <ul><\/ul><\/div>\n<form action=\"\/site\/wp-json\/wp\/v2\/pages\/1071#wpcf7-f5354-o2\" method=\"post\" class=\"wpcf7-form init\" aria-label=\"Contact form\" novalidate=\"novalidate\" data-status=\"init\">\n<fieldset class=\"hidden-fields-container\"><input type=\"hidden\" name=\"_wpcf7\" value=\"5354\" \/><input type=\"hidden\" name=\"_wpcf7_version\" value=\"6.1.5\" \/><input type=\"hidden\" name=\"_wpcf7_locale\" value=\"en_US\" \/><input type=\"hidden\" name=\"_wpcf7_unit_tag\" value=\"wpcf7-f5354-o2\" \/><input type=\"hidden\" name=\"_wpcf7_container_post\" value=\"0\" \/><input type=\"hidden\" name=\"_wpcf7_posted_data_hash\" value=\"\" \/><input type=\"hidden\" name=\"_wpcf7_recaptcha_response\" value=\"\" \/>\n<\/fieldset>\n<div class=\"request_callback\">\n\t<p>Quisiera m\u00e1s informaci\u00f3n:\n\t<\/p>\n\t<div class=\"row\">\n\t\t<div class=\"col-lg-6 col-md-6 col-sm-6 col-xs-12\">\n\t\t\t<div class=\"input-group\">\n\t\t\t\t<p><span class=\"wpcf7-form-control-wrap\" data-name=\"services_consulting\"><select class=\"wpcf7-form-control wpcf7-select\" aria-invalid=\"false\" name=\"services_consulting\"><option value=\"\">Recursos Humanos<\/option><option value=\"Asesor\u00eda\">Asesor\u00eda<\/option><option value=\"Planeaci\u00f3n\">Planeaci\u00f3n<\/option><option value=\"Evaluaciones\">Evaluaciones<\/option><option value=\"Capacitaci\u00f3n\">Capacitaci\u00f3n<\/option><\/select><\/span>\n\t\t\t\t<\/p>\n\t\t\t<\/div>\n\t\t<\/div>\n\t\t<div class=\"col-lg-6 col-md-6 col-sm-6 col-xs-12\">\n\t\t\t<div class=\"input-group\">\n\t\t\t\t<p><span class=\"wpcf7-form-control-wrap\" data-name=\"text-name\"><input size=\"40\" maxlength=\"400\" class=\"wpcf7-form-control wpcf7-text wpcf7-validates-as-required\" aria-required=\"true\" aria-invalid=\"false\" placeholder=\"Nombre y Apellido\" value=\"\" type=\"text\" name=\"text-name\" \/><\/span>\n\t\t\t\t<\/p>\n\t\t\t<\/div>\n\t\t<\/div>\n\t\t<div class=\"col-lg-6 col-md-6 col-sm-6 col-xs-12\">\n\t\t\t<div class=\"input-group\">\n\t\t\t\t<p><span class=\"wpcf7-form-control-wrap\" data-name=\"text-phone\"><input size=\"40\" maxlength=\"400\" class=\"wpcf7-form-control wpcf7-tel wpcf7-validates-as-required wpcf7-text wpcf7-validates-as-tel\" aria-required=\"true\" aria-invalid=\"false\" placeholder=\"Tel\u00e9fono o WhatsApp\" value=\"\" type=\"tel\" name=\"text-phone\" \/><\/span>\n\t\t\t\t<\/p>\n\t\t\t<\/div>\n\t\t<\/div>\n\t\t<div class=\"col-lg-6 col-md-6 col-sm-6 col-xs-12\">\n\t\t\t<div class=\"input-group\">\n\t\t\t\t<p><button type=\"submit\" class=\"vc_general vc_btn3 vc_btn3-size-md  vc_btn3-style-flat vc_btn3-color-theme_style_3\" style=\" text-align: center; display: inline-block; color:#fff\">Cont\u00e1ctenme <\/button>\n\t\t\t\t<\/p>\n\t\t\t<\/div>\n\t\t<\/div>\n\t<\/div>\n<\/div><div class=\"wpcf7-response-output\" aria-hidden=\"true\"><\/div>\n<\/form>\n<\/div>\n[\/vc_column_inner][\/vc_row_inner][stm_spacing lg_spacing=&#8221;91&#8243; md_spacing=&#8221;91&#8243; sm_spacing=&#8221;70&#8243; xs_spacing=&#8221;70&#8243;][\/vc_column][\/vc_row]<\/p>\n","protected":false},"excerpt":{"rendered":"<p>[vc_row][vc_column][rev_slider_vc alias=&#8221;Home&#8221;][\/vc_column][\/vc_row][vc_row full_width=&#8221;stretch_row&#8221; css=&#8221;.vc_custom_1555483435413{background-color: rgba(0,46,91,0.75) !important;*background-color: rgb(0,46,91) !important;}&#8221;][vc_column][stm_spacing lg_spacing=&#8221;40&#8243; md_spacing=&#8221;40&#8243; sm_spacing=&#8221;30&#8243; xs_spacing=&#8221;30&#8243;][vc_row_inner][vc_column_inner offset=&#8221;vc_col-lg-4 vc_col-md-4&#8243;][vc_custom_heading stripe_pos=&#8221;hide&#8221; stm_title_font_weight=&#8221;500&#8243; text=&#8221;\u00bfM\u00e1s Informaci\u00f3n?&#8221; font_container=&#8221;tag:h2|text_align:left|color:%23ffffff&#8221; use_theme_fonts=&#8221;yes&#8221; subtitle_color=&#8221;#ffffff&#8221;][\/vc_column_inner][vc_column_inner el_class=&#8221;wpcf7-response-output-absolute&#8221; offset=&#8221;vc_col-lg-8 vc_col-md-8&#8243;][\/vc_column_inner][\/vc_row_inner][stm_spacing lg_spacing=&#8221;20&#8243; md_spacing=&#8221;20&#8243; sm_spacing=&#8221;40&#8243; xs_spacing=&#8221;40&#8243;][\/vc_column][\/vc_row][vc_row css=&#8221;.vc_custom_1547623783077{background-color: #ffffff !important;}&#8221;][vc_column][stm_spacing lg_spacing=&#8221;100&#8243; md_spacing=&#8221;100&#8243; sm_spacing=&#8221;65&#8243; xs_spacing=&#8221;65&#8243;][vc_custom_heading text=&#8221;Servicios&#8221; font_container=&#8221;tag:h2|text_align:center&#8221; use_theme_fonts=&#8221;yes&#8221;][stm_spacing lg_spacing=&#8221;30&#8243; md_spacing=&#8221;30&#8243; sm_spacing=&#8221;18&#8243; xs_spacing=&#8221;12&#8243;][stm_animation_block animation=&#8221;fadeIn&#8221; animation_duration=&#8221;2&#8243; animation_delay=&#8221;0&#8243;][stm_services posts_per_page=&#8221;9&#8243; posts_per_row=&#8221;3&#8243; category=&#8221;manual-de-organizacion&#8221; img_size=&#8221;740&#215;440&#8243; style=&#8221;style_6&#8243; service_more=&#8221;yes&#8221;][\/stm_animation_block][stm_spacing lg_spacing=&#8221;69&#8243; md_spacing=&#8221;69&#8243; sm_spacing=&#8221;60&#8243; xs_spacing=&#8221;60&#8243;][\/vc_column][\/vc_row][vc_row<\/p>\n","protected":false},"author":1,"featured_media":0,"parent":0,"menu_order":0,"comment_status":"closed","ping_status":"closed","template":"","meta":{"_joinchat":[],"footnotes":""},"class_list":["post-1071","page","type-page","status-publish","hentry"],"_links":{"self":[{"href":"https:\/\/www.ciodemexico.com\/site\/wp-json\/wp\/v2\/pages\/1071","targetHints":{"allow":["GET"]}}],"collection":[{"href":"https:\/\/www.ciodemexico.com\/site\/wp-json\/wp\/v2\/pages"}],"about":[{"href":"https:\/\/www.ciodemexico.com\/site\/wp-json\/wp\/v2\/types\/page"}],"author":[{"embeddable":true,"href":"https:\/\/www.ciodemexico.com\/site\/wp-json\/wp\/v2\/users\/1"}],"replies":[{"embeddable":true,"href":"https:\/\/www.ciodemexico.com\/site\/wp-json\/wp\/v2\/comments?post=1071"}],"version-history":[{"count":25,"href":"https:\/\/www.ciodemexico.com\/site\/wp-json\/wp\/v2\/pages\/1071\/revisions"}],"predecessor-version":[{"id":7419,"href":"https:\/\/www.ciodemexico.com\/site\/wp-json\/wp\/v2\/pages\/1071\/revisions\/7419"}],"wp:attachment":[{"href":"https:\/\/www.ciodemexico.com\/site\/wp-json\/wp\/v2\/media?parent=1071"}],"curies":[{"name":"wp","href":"https:\/\/api.w.org\/{rel}","templated":true}]}}